21*i**2 - 49*i - 3. Calculate v(3).
120
Let h(o) = -5094*o + 183393. Calculate h(36).
9
Let r(b) = 3*b - 87. Determine r(8).
-63
Let m(j) = -j**3 - 51*j**2 + 51*j + 12. What is m(-52)?
64
Let p(w) = 1466*w - 23468. What is p(16)?
-12
Let d(q) = 5*q**2 + 17*q - 4873. Determine d(-33).
11
Let m(z) = -4*z**2 + 155*z - 121. Give m(38).
-7
Let o(w) = -79*w**3 - 396*w**2 + w + 19. Determine o(-5).
-11
Let d(z) = 582*z - 6960. What is d(12)?
24
Let a(h) = -5*h**2 - 5*h - 81. What is a(10)?
-631
Let r(t) = 6*t**3 + 2*t**2 - 26*t - 29. What is r(-1)?
-7
Let a(r) = 14*r**2 + 11*r - 7. Calculate a(1).
18
Let n(b) = -2*b**2 - 658*b - 4485. Determine n(-7).
23
Let o(z) = -38*z - 330. Give o(-7).
-64
Let x(r) = r**3 - 58*r**2 + 23*r - 1332. What is x(58)?
2
Let u(n) = 10*n + 54. What is u(-11)?
-56
Let g(n) = -476*n + 520. What is g(1)?
44
Let o(r) = 230*r + 7125. Give o(-31).
-5
Let h(l) = 23*l + 2. Give h(-1).
-21
Let j(f) = f**2 - 41*f - 1079. Calculate j(-18).
-17
Let j(d) = -1454*d + 5775. Determine j(4).
-41
Let g(d) = -65*d - 2665. Determine g(-43).
130
Let a(m) = -943*m + 3793. Give a(4).
21
Let s(q) = 114*q**2 - 690*q + 11. Calculate s(6).
-25
Let c(t) = -47*t**2 - 17*t - 29. What is c(-2)?
-183
Let a(g) = 542*g + 7586. Determine a(-14).
-2
Let s(a) = -a**3 + 50*a**2 - a - 135. Give s(50).
-185
Let v(q) = 17*q - 70. Determine v(10).
100
Let s(c) = -4*c**2 - 64*c - 179. What is s(-3)?
-23
Let c(b) = 11*b**2 + 16*b - 2. What is c(-2)?
10
Let v(c) = -3*c**3 - 2*c**2 + 13*c + 19. Determine v(-2).
9
Let o(x) = 3*x**3 - 8*x**2 + x - 2. Give o(2).
-8
Let q(c) = -2*c**2 - 8*c + 8. What is q(-4)?
8
Let x(h) = h**3 - 38*h**2 - 59*h + 3527. What is x(37)?
-25
Let j(w) = -10*w**3 - 292*w**2 - 44*w + 403. What is j(-29)?
-3
Let x(h) = 2*h**2 - 14*h - 450. Give x(-12).
6
Let t(n) = 15*n + 182. Calculate t(-15).
-43
Let u(x) = -x**3 - 16*x**2 - 36*x - 119. Determine u(-14).
-7
Let o(x) = x**3 + 86*x**2 + 558*x + 400. What is o(-79)?
5
Let c(q) = -q**2 - 126*q - 120. Determine c(-125).
5
Let h(o) = 150*o - 151. Determine h(3).
299
Let o(t) = 70*t**2 - 10*t - 1. Calculate o(1).
59
Let w(t) = -16*t**2 - 125*t - 97. What is w(-7)?
-6
Let r(n) = n**3 + 5*n**2 - 17*n + 3. Give r(-7).
24
Let q(l) = -2162*l - 12844. Determine q(-6).
128
Let n(s) = 11*s**2 - 578*s + 315. Determine n(52).
3
Let l(w) = 79*w**2 + 474*w - 19. Calculate l(-6).
-19
Let r(w) = 18*w + 1292. Calculate r(-72).
-4
Let q(f) = 2*f**3 + 36*f**2 - 10*f + 101. Determine q(-19).
-431
Let f(n) = -n**3 + 3*n**2 + 11*n + 47. What is f(0)?
47
Let t(i) = 72*i**2 - 215*i + 656. Determine t(3).
659
Let u(g) = 4*g - 59. Give u(19).
17
Let b(x) = 45*x - 141. Calculate b(3).
-6
Let u(m) = m**3 - 253*m**2 - 4306*m + 519. Determine u(269).
-19
Let b(t) = t**2 - 15*t + 14. Calculate b(11).
-30
Let i(h) = -70*h**3 + 2*h**2 - 5*h - 6. Determine i(-1).
71
Let g(u) = -11*u**2 + 19*u + 12. Give g(-4).
-240
Let m(i) = i**3 + 23*i**2 + 149*i + 1786. Calculate m(-20).
6
Let v(a) = a**3 + 26*a**2 - 2*a - 25. Determine v(-26).
27
Let g(a) = -a**3 - 13*a**2 - 13*a + 112. Calculate g(-9).
-95
Let s(n) = n**2 - 57*n + 809. Determine s(29).
-3
Let x(c) = c**2 + 23*c - 154. Calculate x(-28).
-14
Let q(l) = 3*l**2 - 2306*l - 66926. Give q(-28).
-6
Let n(s) = 2*s**2 - 365*s + 187. Give n(182).
5
Let z(d) = 21*d + 422. Determine z(-18).
44
Let r(z) = -21*z - 49. Give r(-11).
182
Let r(m) = -107*m - 1631. Determine r(-15).
-26
Let l(u) = u**2 + 18*u - 110. Calculate l(7).
65
Let z(h) = 2*h**2 + 8*h - 1909. What is z(29)?
5
Let d(a) = -20*a**2 + 15*a - 5. What is d(0)?
-5
Let x(p) = 184*p + 3327. Calculate x(-18).
15
Let d(g) = -89*g**2 - 429*g - 85. What is d(-5)?
-165
Let u(r) = -r**2 - 5*r - 13. Determine u(-5).
-13
Let p(d) = 2*d**2 - 202*d + 3896. What is p(75)?
-4
Let m(z) = z**2 - 9*z - 132. Calculate m(19).
58
Let r(i) = -2*i**3 + 31*i**2 - 111*i - 4. Give r(10).
-14
Let a(j) = -119*j**2 + 3082*j + 318. What is a(26)?
6
Let q(s) = -s**2 - 27*s - 111. Calculate q(-36).
-435
Let t(j) = 54*j**2 + 67*j + 12. Determine t(-1).
-1
Let s(z) = 72*z + 5659. What is s(-82)?
-245
Let j(y) = 6*y**2 + 44*y - 71. Give j(-8).
-39
Let x(t) = 324*t - 3554. Calculate x(11).
10
Let q(n) = -42*n**2 + 2. Determine q(-1).
-40
Let k(b) = -b**2 + 24*b - 138. Give k(14).
2
Let v(c) = c**2 + 9*c - 109. Give v(7).
3
Let w(h) = 74*h + 3183. Determine w(-42).
75
Let d(q) = q**3 + 17*q**2 - 27*q - 40. Determine d(-18).
122
Let k(x) = 832*x - 10826. Calculate k(13).
-10
Let v(n) = n**2 + 29*n - 93. Calculate v(-24).
-213
Let g(p) = p**2 - 41*p + 259. Calculate g(17).
-149
Let d(f) = f**3 + 23*f**2 - 9*f - 50. Calculate d(-23).
157
Let f(i) = -4*i**2 - 74*i + 1225. Determine f(-29).
7
Let x(c) = 328*c + 4879. Calculate x(-15).
-41
Let q(l) = -l**2 - 58*l - 399. What is q(-52)?
-87
Let i(j) = 12*j**2 + 13*j + 16. What is i(-3)?
85
Let q(x) = -x**2 + 47*x - 629. Calculate q(23).
-77
Let a(p) = p**3 + 83*p**2 + 96*p + 1233. Determine a(-82).
85
Let b(n) = 450*n - 6750. Give b(15).
0
Let a(t) = 7*t**2 + 240*t - 240. What is a(1)?
7
Let c(t) = 141*t + 1906. What is c(-16)?
-350
Let f(o) = 4*o**2 + 193*o + 4. What is f(-48)?
-44
Let u(w) = w**3 + 27*w**2 - 62*w + 1917. Calculate u(-31).
-5
Let u(f) = 31*f**2 - 2604*f - 36. Give u(84).
-36
Let n(b) = b**2 - 32*b - 30. Calculate n(29).
-117
Let o(h) = 22*h**2 - 78*h + 55. Give o(3).
19
Let u(y) = 2*y - 196. Determine u(38).
-120
Let f(s) = -372*s - 2305. What is f(-5)?
-445
Let d(p) = 184*p + 1108. Determine d(-6).
4
Let n(v) = -v**3 + 47*v**2 + 61*v - 680. Calculate n(48).
-56
Let z(h) = 2968*h + 11. Determine z(0).
11
Let l(p) = p**3 - 20*p**2 + 20*p - 34. Determine l(19).
-15
Let b(r) = 20*r - 55. Determine b(-12).
-295
Let p(c) = c**3 - 27*c**2 - 17*c - 309. What is p(28)?
-1
Let x(z) = -14*z + 64. Give x(2).
36
Let c(w) = -11*w - 980. What is c(-83)?
-67
Let m(g) = g**2 + 53*g + 747. Give m(-15).
177
Let a(z) = -z**3 - 23*z**2 - 106*z - 37. Calculate a(-16).
-133
Let z(m) = -1049*m - 7332. Determine z(-7).
11
Let r(n) = 7*n**2 - 5*n - 55. Give r(8).
353
Let c(t) = -55*t + 1116. Determine c(20).
16
Let m(w) = w**3 - 48*w**2 - 103*w + 92. Calculate m(50).
-58
Let o(t) = -2*t**2 - 177*t - 3580. Determine o(-31).
-15
Let n(k) = 3*k**2 - 720*k + 4234. Calculate n(6).
22
Let x(o) = 1601*o - 17568. What is x(11)?
43
Let p(g) = -52*g - 282. Calculate p(-5).
-22
Let n(q) = -9*q**2 - 102*q - 31. Calculate n(-11).
2
Let r(m) = 21*m - 284. Calculate r(14).
10
Let x(v) = -3*v**2 + 23*v + 407. Calculate x(16).
7
Let i(d) = -80*d - 952. Give i(-12).
8
Let d(c) = c**3 - 11*c - 19. What is d(-4)?
-39
Let c(a) = a**2 - 13*a - 677. What is c(-21)?
37
Let b(w) = w**3 + 4*w**2 + 16*w + 112. Give b(-5).
7
Let h(p) = p**3 + 75*p**2 - 153*p + 14. Determine h(2).
16
Let f(u) = -u**3 + 13*u**2 - 4*u + 32. Calculate f(13).
-20
Let b(r) = 3*r**2 - 123*r - 1745. Determine b(52).
-29
Let n(m) = -186*m**3 + 4*m - 2. Determine n(1).
-184
Let w(f) = f**3 - 19*f**2 - 18*f - 53. What is w(20)?
-13
Let v(y) = -y**3 - 8*y**2 - 16*y - 8. Calculate v(-5).
-3
Let r(d) = -232*d - 6728. Determine r(-29).
0
Let p(l) = -l**3 - 2*l**2 - 15*l - 4. Determine p(-5).
146
Let n(v) = -51*v**2 - 3061*v - 86. What is n(-60)?
-26
Let d(v) = 2597*v + 15589. What is d(-6)?
7
Let j(b) = -6*b + 97. Determine j(12).
25
Let g(t) = -t**2 + 3757*t - 22512. Calculate g(6).
-6
Let j(s) = -s**2 + 215*s + 1784. Give j(-8).
0
Let u(r) = 444*r - 6664. Determine u(15).
-4
Let v(r) = 2*r**2 + 56*r + 161. Determine v(-3).
11
Let p(g) = g**2 + 11*g + 120. What is p(0)?
120
Let p(u) = -2*u**3 - 14*u**2 - 19*u + 27. Calculate p(-9).
522
Let o(r) = 95*r + 415. What is o(-5)?
-60
Let l(o) = 128*o - 1792. Calculate l(14).
0
Let v(r) = -3*r**3 - 37*r**2 + 12*r - 28. What is v(-12)?
-316
Let z(k) = -274*k + 9045. What is z(33)?
3
Let x(j) = 2*j**3 + 61*j**2 - 28*j + 78. What is x(-31)?
-15
Let w(n) = n**2 + 89*n + 1759. Calculate w(-59).
-11
Let k(o) = -o**3 + 21*o**2 - 26*o + 138. Determine k(20).
18
Let r(g) = -6*g**2 - 47*g - 14. Give r(-6).
52
Let x(g) = g**2 - 9*g + 124. Determine x(-6).
214
Let d(w) = -429*w + 1595. Give d(3).
308
Let c(g) = -6*g**2 + 49*g - 91. What is c(2)?
-17
Let k(x) = 922*x - 41510. Determine k(45).
-20
Let c(i) = -76*i - 8. Give c(-2).
144
Let c(r) = -30*r**